{"id":1095,"date":"2020-05-23T13:14:32","date_gmt":"2020-05-23T16:14:32","guid":{"rendered":"https:\/\/isef-crr.infd.edu.ar\/sitio\/?page_id=1095"},"modified":"2024-02-18T21:42:57","modified_gmt":"2024-02-19T00:42:57","slug":"consejo-directivo","status":"publish","type":"page","link":"https:\/\/isef-crr.infd.edu.ar\/sitio\/consejo-directivo\/","title":{"rendered":"Equipo de Conducci\u00f3n."},"content":{"rendered":"\n<p><strong>Rectora:<\/strong> Prof. Lic. Mar\u00eda Gabriela Gallegos.<\/p>\n\n\n\n<p><strong>Vice Rectora:<\/strong> Prof. Carolina Figueroa Lemos.<\/p>\n\n\n\n<p><strong>Secretario Acad\u00e9mico:<\/strong> Prof. Mgtr. Walter Sanchez Pinat<br><br><strong>Secretaria Administrativa<\/strong>: Prof. Elcira Mart\u00ednez.  <\/p>\n\n\n\n<p><strong>Coordinador de Formaci\u00f3n Inicial:<\/strong> Prof. Flavio Feu.<\/p>\n\n\n\n<p><strong>Coordinadora de Carrera:<\/strong> Prof. Silvana Monz\u00f3n Pinat.<\/p>\n\n\n\n<p><strong>Coordinadora de Practica:<\/strong> Prof. Lic. Rodrigo Ramires.<\/p>\n\n\n\n<p><strong>Coordinadora de Apoyo Pedag\u00f3gico a Escuelas:<\/strong> Prof. Rosmari Fr\u00edas.<\/p>\n\n\n\n<p><strong>Coordinadora de Investigaci\u00f3n:<\/strong> Prof. Marisol Prieto.<\/p>\n\n\n\n<p><strong>Coordinadora de Formaci\u00f3n Continua:<\/strong> Prof. Nancy Segovia.<\/p>\n\n\n\n<p><strong>Coordinador de Centro de Recursos de Apoyo T\u00e9cnico-Pedag\u00f3gico:<\/strong> Prof. Luis Romero.<\/p>\n\n\n\n<p><strong>Coordinadora CIPE: Prof.<\/strong> Noelia N\u00fa\u00f1ez.<\/p>\n\n\n\n<p>                                     <strong>Prof<\/strong>.  Leila L\u00f3pez. <\/p>\n","protected":false},"excerpt":{"rendered":"<p>Rectora: Prof. Lic. Mar\u00eda Gabriela Gallegos. Vice Rectora: Prof. Carolina Figueroa Lemos. Secretario Acad\u00e9mico: Prof. Mgtr. Walter Sanchez Pinat Secretaria Administrativa: Prof. Elcira Mart\u00ednez. Coordinador de Formaci\u00f3n Inicial: Prof. Flavio Feu. Coordinadora de Carrera: Prof. Silvana Monz\u00f3n Pinat. Coordinadora de Practica: Prof. Lic. Rodrigo Ramires. Coordinadora de Apoyo Pedag\u00f3gico a Escuelas: Prof. Rosmari Fr\u00edas. Coordinadora &#8230; <a title=\"Equipo de Conducci\u00f3n.\" class=\"read-more\" href=\"https:\/\/isef-crr.infd.edu.ar\/sitio\/consejo-directivo\/\" aria-label=\"More on Equipo de Conducci\u00f3n.\">[+]<\/a><\/p>\n","protected":false},"author":685,"featured_media":0,"parent":0,"menu_order":0,"comment_status":"closed","ping_status":"closed","template":"","meta":[],"acf":[],"_links":{"self":[{"href":"https:\/\/isef-crr.infd.edu.ar\/sitio\/wp-json\/wp\/v2\/pages\/1095"}],"collection":[{"href":"https:\/\/isef-crr.infd.edu.ar\/sitio\/wp-json\/wp\/v2\/pages"}],"about":[{"href":"https:\/\/isef-crr.infd.edu.ar\/sitio\/wp-json\/wp\/v2\/types\/page"}],"author":[{"embeddable":true,"href":"https:\/\/isef-crr.infd.edu.ar\/sitio\/wp-json\/wp\/v2\/users\/685"}],"replies":[{"embeddable":true,"href":"https:\/\/isef-crr.infd.edu.ar\/sitio\/wp-json\/wp\/v2\/comments?post=1095"}],"version-history":[{"count":18,"href":"https:\/\/isef-crr.infd.edu.ar\/sitio\/wp-json\/wp\/v2\/pages\/1095\/revisions"}],"predecessor-version":[{"id":2770,"href":"https:\/\/isef-crr.infd.edu.ar\/sitio\/wp-json\/wp\/v2\/pages\/1095\/revisions\/2770"}],"wp:attachment":[{"href":"https:\/\/isef-crr.infd.edu.ar\/sitio\/wp-json\/wp\/v2\/media?parent=1095"}],"curies":[{"name":"wp","href":"https:\/\/api.w.org\/{rel}","templated":true}]}}

Equipo de Conducción.

<p><strong>Rectora:</strong> Prof. Lic. María Gabriela Gallegos.</p>



<p><strong>Vice Rectora:</strong> Prof. Carolina Figueroa Lemos.</p>



<p><strong>Secretario Académico:</strong> Prof. Mgtr. Walter Sanchez Pinat<br><br><strong>Secretaria Administrativa</strong>: Prof. Elcira Martínez.  </p>



<p><strong>Coordinador de Formación Inicial:</strong> Prof. Flavio Feu.</p>



<p><strong>Coordinadora de Carrera:</strong> Prof. Silvana Monzón Pinat.</p>



<p><strong>Coordinadora de Practica:</strong> Prof. Lic. Rodrigo Ramires.</p>



<p><strong>Coordinadora de Apoyo Pedagógico a Escuelas:</strong> Prof. Rosmari Frías.</p>



<p><strong>Coordinadora de Investigación:</strong> Prof. Marisol Prieto.</p>



<p><strong>Coordinadora de Formación Continua:</strong> Prof. Nancy Segovia.</p>



<p><strong>Coordinador de Centro de Recursos de Apoyo Técnico-Pedagógico:</strong> Prof. Luis Romero.</p>



<p><strong>Coordinadora CIPE: Prof.</strong> Noelia Núñez.</p>



<p>                                     <strong>Prof</strong>.  Leila López. </p>

<p>Rectora: Prof. Lic. María Gabriela Gallegos. Vice Rectora: Prof. Carolina Figueroa Lemos. Secretario Académico: Prof. Mgtr. Walter Sanchez Pinat Secretaria Administrativa: Prof. Elcira Martínez. Coordinador de Formación Inicial: Prof. Flavio Feu. Coordinadora de Carrera: Prof. Silvana Monzón Pinat. Coordinadora de Practica: Prof. Lic. Rodrigo Ramires. Coordinadora de Apoyo Pedagógico a Escuelas: Prof. Rosmari Frías. Coordinadora &#8230; <a title="Equipo de Conducción." class="read-more" href="https://isef-crr.infd.edu.ar/sitio/consejo-directivo/" aria-label="More on Equipo de Conducción.">[+]</a></p>
