{"id":1123,"date":"2020-05-30T21:55:10","date_gmt":"2020-05-31T00:55:10","guid":{"rendered":"https:\/\/isef-crr.infd.edu.ar\/sitio\/?page_id=1123"},"modified":"2023-04-12T12:36:37","modified_gmt":"2023-04-12T15:36:37","slug":"extension-aulica-ita-ibate","status":"publish","type":"page","link":"https:\/\/isef-crr.infd.edu.ar\/sitio\/extension-aulica-ita-ibate\/","title":{"rendered":"Extensi\u00f3n Aulica It\u00e1 Ibat\u00e9"},"content":{"rendered":"<p>Coordinador: Prof Teodoro Ojeda<\/p>\n<p>Correo: extensionitaibateisef@gmail.com<\/p>\n<p>Direcci\u00f3n: Av. Madariaga y Roca<\/p>\n<p>Ubicaci\u00f3n:\u00a0 <a href=\"https:\/\/www.google.com\/maps?q=-27.4288383,-57.3427561&amp;z=17&amp;hl=es\"><img decoding=\"async\" loading=\"lazy\" class=\"\" src=\"https:\/\/cdn-icons-png.flaticon.com\/512\/6618\/6618280.png\" alt=\"Gps - Iconos gratis de mapas y ubicaci\u00f3n\" width=\"37\" height=\"37\" \/><\/a><\/p>\n<p>Localidad: It\u00e1 Ibat\u00e9 departamento General Paz<\/p>\n<p>CP: <b>3480<\/b><\/p>\n<p>Instagram\u00a0 \u00a0 <a href=\"https:\/\/instagram.com\/isef.itaibate?igshid=YmMyMTA2M2Y=\"><img decoding=\"async\" loading=\"lazy\" class=\"\" src=\"https:\/\/i0.wp.com\/eltallerdehector.com\/wp-content\/uploads\/2022\/06\/033fd-logo-instagram-icon.png?fit=512%2C512&amp;ssl=1\" alt=\"Logo instagram icon - El Taller de Hector\" width=\"31\" height=\"31\" \/><\/a><\/p>\n","protected":false},"excerpt":{"rendered":"<p>Coordinador: Prof Teodoro Ojeda Correo: extensionitaibateisef@gmail.com Direcci\u00f3n: Av. Madariaga y Roca Ubicaci\u00f3n:\u00a0 Localidad: It\u00e1 Ibat\u00e9 departamento General Paz CP: 3480 Instagram\u00a0 \u00a0<\/p>\n","protected":false},"author":666,"featured_media":0,"parent":0,"menu_order":0,"comment_status":"closed","ping_status":"closed","template":"","meta":[],"acf":[],"_links":{"self":[{"href":"https:\/\/isef-crr.infd.edu.ar\/sitio\/wp-json\/wp\/v2\/pages\/1123"}],"collection":[{"href":"https:\/\/isef-crr.infd.edu.ar\/sitio\/wp-json\/wp\/v2\/pages"}],"about":[{"href":"https:\/\/isef-crr.infd.edu.ar\/sitio\/wp-json\/wp\/v2\/types\/page"}],"author":[{"embeddable":true,"href":"https:\/\/isef-crr.infd.edu.ar\/sitio\/wp-json\/wp\/v2\/users\/666"}],"replies":[{"embeddable":true,"href":"https:\/\/isef-crr.infd.edu.ar\/sitio\/wp-json\/wp\/v2\/comments?post=1123"}],"version-history":[{"count":2,"href":"https:\/\/isef-crr.infd.edu.ar\/sitio\/wp-json\/wp\/v2\/pages\/1123\/revisions"}],"predecessor-version":[{"id":2444,"href":"https:\/\/isef-crr.infd.edu.ar\/sitio\/wp-json\/wp\/v2\/pages\/1123\/revisions\/2444"}],"wp:attachment":[{"href":"https:\/\/isef-crr.infd.edu.ar\/sitio\/wp-json\/wp\/v2\/media?parent=1123"}],"curies":[{"name":"wp","href":"https:\/\/api.w.org\/{rel}","templated":true}]}}

Extensión Aulica Itá Ibaté

<p>Coordinador: Prof Teodoro Ojeda</p>
<p>Correo: extensionitaibateisef@gmail.com</p>
<p>Dirección: Av. Madariaga y Roca</p>
<p>Ubicación:  <a href="https://www.google.com/maps?q=-27.4288383,-57.3427561&amp;z=17&amp;hl=es"><img decoding="async" loading="lazy" class="" src="https://cdn-icons-png.flaticon.com/512/6618/6618280.png" alt="Gps - Iconos gratis de mapas y ubicación" width="37" height="37" /></a></p>
<p>Localidad: Itá Ibaté departamento General Paz</p>
<p>CP: <b>3480</b></p>
<p>Instagram    <a href="https://instagram.com/isef.itaibate?igshid=YmMyMTA2M2Y="><img decoding="async" loading="lazy" class="" src="https://i0.wp.com/eltallerdehector.com/wp-content/uploads/2022/06/033fd-logo-instagram-icon.png?fit=512%2C512&amp;ssl=1" alt="Logo instagram icon - El Taller de Hector" width="31" height="31" /></a></p>

<p>Coordinador: Prof Teodoro Ojeda Correo: extensionitaibateisef@gmail.com Dirección: Av. Madariaga y Roca Ubicación:  Localidad: Itá Ibaté departamento General Paz CP: 3480 Instagram   </p>
